d - o. What are the prime factors of l?
17
Suppose -503*r + 450*r + 1143846 = 0. List the prime factors of r.
2, 3, 11, 109
Suppose -3*j + 11 + 7 = 0. Suppose 4*v + 0*v = -z + 9, -3*z = 5*v - j. Suppose v*y + 15 = 0, -3*q + 0*y = 4*y - 40. List the prime factors of q.
2, 5
Let x = 13496 - 11338. List the prime factors of x.
2, 13, 83
Let k(i) = -i + 5. Let r be k(0). Let o = r - 2. Suppose 0 = -3*t - 0*t + 2*h + 214, -t + 75 = o*h. What are the prime factors of t?
2, 3
Let y(i) be the first derivative of i**3/3 - i**2/2 + 4*i - 19. Let x be 8/(-6) + (-50)/(-6). What are the prime factors of y(x)?
2, 23
Let c = 17402 - 6944. Suppose -c = -22*f + f. What are the prime factors of f?
2, 3, 83
Let t(o) = 9 + 25*o**2 - o**3 - 5*o**2 + 17*o + 11. Let r(a) = 3*a**3 - 41*a**2 - 35*a - 39. Let x(v) = 2*r(v) + 5*t(v). List the prime factors of x(-17).
2, 7
Suppose -m - 5*l = -231, -12*m = -13*m - l + 219. Let p = m + -121. List the prime factors of p.
5, 19
Suppose 48*u - 224353 = 272303. What are the prime factors of u?
3, 3449
Let x(q) = 10*q**2 - 102*q + 17. Let w be x(10). What are the prime factors of (-1402)/w - (5 - (-17)/(-3))?
2, 3, 13
Suppose -4*n = w - 8*n - 1595, -4*w + 6296 = -2*n. What are the prime factors of w?
1571
Let u = -83 - -73. Let m(q) = -q**2 - 11*q - 7. Let h be m(u). List the prime factors of 6 + h + -9 - 276/(-2).
2, 3, 23
Suppose s = 3*a - 108002, 2*a - 2*s - 52079 = 19913. What are the prime factors of a?
3, 11, 1091
Suppose j + 2*c = 3*j + 26, 4*j + 60 = -4*c. Let p = j + 12. List the prime factors of (-340)/8*p + -3.
2, 41
Suppose -t - 16 = 5*s, 0 = -0*t + 3*t - 3*s - 24. Suppose -q - 40 = t*q. What are the prime factors of ((-35)/4)/(-1) - (-6)/q?
2
Suppose 1188 = 2*y + 442. Suppose -4*q = -y - 43. Let t = 22 + q. List the prime factors of t.
2, 3, 7
Let g = -6923 + 10324. What are the prime factors of g?
19, 179
Let s(k) = 28*k**2 + k + 3. Let m be s(-1). Suppose 6*y + m = 84. Suppose -2*u = 3*i - 294, 12*u + 98 = i + y*u. What are the prime factors of i?
2, 7
Suppose 32*y = 30*y + 9316. List the prime factors of y.
2, 17, 137
Suppose -90*u + 253561 = -53*u. What are the prime factors of u?
7, 11, 89
Suppose -2*q = -7*m + 8*m - 9330, -27984 = -3*m - 3*q. List the prime factors of m.
2, 4663
Let s(f) = f**3 - 39*f**2 - 89*f + 31. Let z be s(41). Let i(r) = -r**3 - 10*r**2 - 2. Let v be i(-6). Let g = v - z. List the prime factors of g.
2, 5, 11
Let i(w) = -2*w - 19. Let l be i(5). Let o = -193 - l. Let j = o + 380. What are the prime factors of j?
2, 3
Let m be (4/3)/(5/6630*4). Let g = -127 + m. What are the prime factors of g?
3, 5, 7
Let g = -4774 - -3330. Let x = g - -2044. What are the prime factors of x?
2, 3, 5
Let d(h) = -33 - 67*h**2 + 3*h + h**3 + 75 - 35 + 3*h**3 + 0*h**2. What are the prime factors of d(17)?
347
Let h = -1224 + 1824. Suppose -h = -17*x + 267. List the prime factors of x.
3, 17
Let a = 667 - 422. Let s = 127 - 122. Suppose 0*w + s*w = a. What are the prime factors of w?
7
Suppose -250416 = 2*k - 39*k. List the prime factors of k.
2, 3, 47
Suppose 2*u - 18 = -68. Let b be 250/(-7) + 12/(-42). Let n = u - b. List the prime factors of n.
11
Let q be (-4 - (-10 - 0))*(2 + -1). What are the prime factors of (q/(-8))/((98/4536)/(-7))?
3
Let r = -45 - -10. Let p = -44 - r. Let s = 40 + p. What are the prime factors of s?
31
Suppose 0 = 2*a - 4*a - x + 742, 4*x = 2*a - 742. Let h = a + 114. What are the prime factors of h?
5, 97
Let a = 563 - 498. Suppose 87 = -4*y + 3. Let q = y + a. List the prime factors of q.
2, 11
Suppose 575*o - 582*o + 11893 = 0. What are the prime factors of o?
1699
Let k(q) = 0*q**3 - q**3 - 10*q**2 - 6 + 16*q**2. Let w be k(6). List the prime factors of (69/46)/(w/(-344)).
2, 43
Let u = 607 + -388. Let q = u - 3. List the prime factors of q.
2, 3
What are the prime factors of (-24)/72*2*(-2 + 45557/(-2))?
15187
Suppose 481*n - m = 478*n + 9909, m = -3. List the prime factors of n.
2, 13, 127
Let j = 79 + -76. Let u = -27 + j. What are the prime factors of ((-16)/u)/((-2)/(-246))?
2, 41
Let d(j) = 8761*j - 21. What are the prime factors of d(1)?
2, 5, 19, 23
What are the prime factors of ((-95006)/(-12))/(314/12 + -26)?
67, 709
Suppose -369*u = -346*u - 20654. List the prime factors of u.
2, 449
Let l(o) = -4640*o - 3672. List the prime factors of l(-7).
2, 13, 277
Let s(d) = 104*d**2 + 953*d - 5. What are the prime factors of s(13)?
2, 5, 7, 107
Let o(s) = -s**3 - 32*s**2 + 17*s - 11. Let b(q) = 2*q**3 + 31*q**2 - 17*q + 9. Let h(c) = 4*b(c) + 5*o(c). List the prime factors of h(14).
3, 5, 31
Let p(g) = -6*g**2 - 609*g - 389. List the prime factors of p(-51).
2, 7, 269
Suppose 4*u = 8, 0 = -0*j + 4*j + 3*u - 29422. List the prime factors of j.
2, 3677
Suppose 24*t - 2280 - 81301 = 13403. List the prime factors of t.
3, 449
What are the prime factors of (1602/12)/(3 + -6)*-542?
89, 271
Let t(h) = -h**2 + 6*h + 13. Let z(g) = -g**2 + 10*g + 20. Let w(x) = -7*t(x) + 5*z(x). List the prime factors of w(4).
73
What are the prime factors of -4*(-13)/((-338)/(-229307))?
2, 31, 569
Let j = 18 - -22. Suppose 35*z = 30*z + 4*i + 174, -4*z - 4*i = -168. Let d = j - z. What are the prime factors of d?
2
Let w be 828 - (-3)/6*0. Suppose s - 96 = d + 111, -4*s + 5*d = -w. Suppose 3*v - v - s = -3*p, -2*v + 3*p = -213. List the prime factors of v.
3, 5, 7
Let a(d) = -945*d**3 + 19*d**2 + 58*d. What are the prime factors of a(-3)?
2, 3, 1063
Suppose 4*r = 12, 4*k + 3*r - 1833 = -0*r. List the prime factors of (-6 - (4 + -3))*k/(-14).
2, 3, 19
Suppose -113*i + 1212058 + 44389 = 0. What are the prime factors of i?
11119
List the prime factors of (-10)/(2/4165*-5).
5, 7, 17
Suppose f + 29 = 5*t - 3*f, -5*t + f + 26 = 0. Let k(a) = 7*a**2 - a + a**3 + 3*a + t*a + 7 - 6*a. What are the prime factors of k(-4)?
3, 17
Let m(w) = -177*w + 52793. What are the prime factors of m(0)?
13, 31, 131
What are the prime factors of (6 - -2) + (7657 - (-3 - 2))?
2, 5, 13, 59
Suppose 3*c + 171089 = 2*z, z + 9*c - 85549 = 12*c. List the prime factors of z.
2, 5, 7, 13, 47
Let h(z) = 40*z + 332. Let s be h(-7). Suppose 4*l + 5*u + 41 = -0*l, -5 = u. List the prime factors of -4*(l/(-2))/((-8)/s).
2, 13
Let w(i) = 26*i**2 - 53*i + 8. Let g(a) = -2*a**2 + 136. Let q be g(8). List the prime factors of w(q).
2, 3, 13
Let x = -107 - -977. Suppose 164*o = 166*o - x. List the prime factors of o.
3, 5, 29
Let a(b) = b**2 - 7*b + 10. Let u be a(5). Suppose u = 5*h + 2*h - 259. Let y = h + 62. List the prime factors of y.
3, 11
Let b = -3381 + 9527. List the prime factors of b.
2, 7, 439
Let x(s) = -908*s - 1. Let r be x(-1). Let q = 1767 - r. Suppose 4*o - b = q, -o = b - 36 - 174. List the prime factors of o.
2, 107
Let r(j) = 21*j + 30. Let p be r(-31). Suppose 0 = -4*s + 8. What are the prime factors of (s/6)/((-9)/p)?
23
Let p = -25 - -21. Let n be ((-180)/(-14))/(p/(-56)). Let o = 327 - n. List the prime factors of o.
3, 7
Suppose 34*w = 43*w - 1701. Suppose s - 174 = w. List the prime factors of s.
3, 11
Let n be (-539)/66 - 1/(-6). Let d(c) be the third derivative of -c**6/120 - 7*c**5/60 - 7*c**4/24 + 3*c**3/2 + 10*c**2. What are the prime factors of d(n)?
3, 43
Let r = 401 + -166. Let a = 361 - r. List the prime factors of a.
2, 3, 7
Suppose 0 = -3*s, 39*d - 2*s - 12700 = 34*d. List the prime factors of d.
2, 5, 127
Let i(l) = 59*l - 102. Let h be i(2). Suppose -410 = -18*c + h*c. List the prime factors of c.
5, 41
Suppose w - 18 = -13. Suppose 305 = -w*j - 235. Let v = -18 - j. What are the prime factors of v?
2, 3, 5
Let j(q) = 570*q**2 + 6*q + 23. What are the prime factors of j(-3)?
5, 13, 79
Let n be (40 - (-4 + 9)) + 5. Suppose n*m = 44*m - 708. List the prime factors of m.
3, 59
Let u = -19953 + 42984. List the prime factors of u.
3, 853
Let g = -38 - -39. Suppose -4*a = 2*v + 12 - 38, -3*v = -2*a + g. Suppose -v*s = -3*q - 312, 3*q = -s - 2*q + 92. List the prime factors of s.
2, 3, 17
Let j be (3/((-45)/(-24)))/(1/(-5)). What are the prime factors of (-9 + -2)*(-21 - j)?
11, 13
Let y(l) = l**3 - l**2 + 5*l - 5. Suppose -5*k - 18 = -14*k. What are the prime factors of y(k)?
3
List the prime factors of 32/1872*-9 + (-12495)/(-13).
31
Suppose 166524 = 107*s - 560540 - 123051. List the prime factors of s